uppose -3*d + 5*x - 475 = 0, -2*d - x + 656 = -6*d. Is 3/(d/242)*(-3935)/2 a composite number?
True
Is 181*(1 - 0) - (-26 + (-520)/(-20)) composite?
False
Is (72510830/280)/(26/8 + -1 + -2) a prime number?
True
Let k(m) = m**3 + 4*m**2 - 2*m - 2. Let x be k(-4). Let a(i) = -191*i**3 - 2*i**2 - 4*i - 2. Let s be a(-1). Suppose x*o + s = 7*o. Is o a composite number?
False
Suppose 1 = g - 12. Let k be (-1 - 0)/(g/(-195)). Suppose -5*j - 6157 = -4*h, 20*h - 5*j - 7700 = k*h. Is h prime?
True
Is (-1*24251)/(4 + -3 + -2) a prime number?
True
Let p(n) = 4*n**2 + 114*n + 1. Is p(-37) composite?
False
Let o = -58977 - -97347. Let c = o - 25681. Is c prime?
True
Let c(n) = 2*n**3 - 20*n**2 - 3*n - 25. Let k be c(20). Let s = -444 + k. Is s prime?
False
Let t(r) = -6*r**2 - 4*r + 1511. Is t(0) a prime number?
True
Let i be -65*(4/(-20))/1. Let a(s) = 239*s**3 - 5*s**2 + s + 3. Let z(x) = -478*x**3 + 10*x**2 - x - 7. Let r(d) = i*a(d) + 6*z(d). Is r(2) a prime number?
False
Let r(g) = 3*g - 20. Let w be r(5). Let i(j) = 6*j**2 + 9*j + 1. Let h be i(w). Suppose -u + h = -0*u. Is u prime?
False
Let l(r) = 1 + r + 0 + 32 + 74. Is l(16) prime?
False
Suppose 23 = 5*j + n, 3*n - 28 = -3*j - 7. Suppose j*q + 11778 = 10*q. Is q prime?
False
Let z(x) = 1027*x**2 - 185*x + 3. Is z(-5) composite?
True
Suppose 0 = 2*c - 4*z, -c + 37*z = 36*z - 2. Suppose -2*o - c*p = -13213 - 23857, 0 = -5*o - 5*p + 92685. Is o prime?
True
Suppose 3*w - 14 = v, -5*w + v + v = -24. Suppose -4*m + 1968 = w*l, 0*m = -m + 5*l + 462. Is m a prime number?
True
Let d be (-1)/(1/1329 - 0). Let z = d + 2864. Is z a prime number?
False
Let z be 790/4 - ((-6)/(-4) - 0). Let f = z + -93. Is f a composite number?
False
Suppose 14*s - 24813252 = -6*s - 16*s. Is s prime?
True
Let o = 91980 + 29579. Is o composite?
False
Let l(f) = 19*f**3 - 12*f + 13. Let z(j) = 17*j**3 + j**2 - 12*j + 13. Let k(c) = -6*l(c) + 7*z(c). Is k(7) composite?
False
Suppose -6*f - 20697 = -75003. Suppose 36*m - 33*m = f. Is m a prime number?
False
Suppose -68*i + 2010700 = 760656. Is i prime?
False
Let u be (-5)/((-30)/4)*6. Let x be ((-16)/24)/(u/(-18)). Suppose 4*m = x*t + 3676, -t + 1257 = -5*m + 5852. Is m a composite number?
False
Let t(j) = -1464*j - 2695. Is t(-52) composite?
False
Suppose 226*l - 231*l + 13960 = 0. Suppose 14*d = 15*d + 5*t - l, -t = -3. Is d composite?
False
Suppose -7*j + 3*j = -p - 12, -4*j + 32 = 4*p. Suppose 0 = -30*z + 44*z - 280. Suppose -2*a + z = -6*a, -2*y + 2538 = -p*a. Is y composite?
False
Let k be 7/2*40/14. Suppose 2*f + k = 0, 0 = 2*v + v + f - 4. Suppose 4*l = v*w + 2074, 2 - 12 = 5*w. Is l prime?
False
Suppose -9*g - n - 59 = -6*g, -2*n - 46 = 2*g. Let l(z) = 4*z**2 - 14*z - 17. Is l(g) a composite number?
False
Let a = 23306 + -3057. Is a composite?
False
Let i = 1636 - 4066. Let x = i - -4081. Is x a prime number?
False
Let v = -128 + 136. Is (4118 + v)*(-3)/(-6) composite?
False
Suppose 5*i + 173 - 625 = -4*t, -t = 2. Let v = 741 - i. Is v prime?
False
Let i(f) = -5*f + 9. Let j be i(-4). Let s(t) = t**3 - 28*t**2 - 31*t + 60. Let c be s(j). Suppose -917 = -d - g + c*g, 3*d + g - 2739 = 0. Is d prime?
False
Suppose 232*c - 488158 = 210*c. Is c prime?
True
Suppose -5*p + 2*x + 2720693 = 0, 4*p = 2*x + 1381843 + 794715. Is p a prime number?
False
Suppose 2*r + r + 2*i + 49597 = 0, -8 = -2*i. Let w = -6568 - r. Is w composite?
False
Suppose 7*k - 135154 = 1193404. Let q = k - 124893. Is q prime?
True
Let t(m) = m**3 + 33*m**2 + 18*m - 37. Let k be t(-32). Let w = -34 + k. Is w prime?
False
Let s(z) = -187*z + 213. Suppose 0 = 24*c - 7*c + 476. Is s(c) a composite number?
False
Is -11 + (-27)/((-405)/135600) prime?
True
Suppose -3*z + 196560 = 3*k, 4*k + 119836 + 207755 = 5*z. Is z composite?
False
Let a = 324 - 317. Suppose a*q + 2*x = 5*q + 11130, -5*q = -3*x - 27809. Is q a prime number?
True
Suppose 4*k - 1341672 = 2*u + 374794, -k + 2*u + 429109 = 0. Is k composite?
False
Let s be (-45261)/(-21) - 2/7. Let v(m) = m**3 - 2*m**2 - 30*m + 98. Let h be v(4). Suppose -15*a = -h*a - s. Is a prime?
True
Let y be 9/((-90)/(-4))*-235. Let r = y - -100. Is 81106/r + (-30)/45 a composite number?
True
Let t be 5 + 0 + 75/(-15) - -10. Suppose 0 = 2*y - t, -2*q + 0*y - 5*y + 14707 = 0. Is q prime?
False
Let m(b) = -1 - 8*b**2 - 8 + 9*b**2 + 6 - 16*b. Let v be m(20). Let p = v - 56. Is p composite?
True
Let x(f) = -33*f + 6. Let l be x(-12). Let m = l - 241. Is m a composite number?
True
Let l(h) = 1045*h - 353. Is l(18) a prime number?
True
Suppose 4*z - i - 396 = -5*i, z - i - 89 = 0. Let s = -54 + z. Let f = s + -9. Is f a composite number?
False
Suppose x + 16 - 17 = 0. Let b be (-72501)/(-13) - (x - -2). Suppose -11*n + b = -9*n. Is n composite?
True
Let o(p) = 3*p + 29. Let j be o(-9). Let d be -3 + 5/j - (-10)/4. Suppose d*h - 10765 = -3*h. Is h a prime number?
True
Suppose 4*h - 5*h + 5 = 0. Suppose z = -3*v + 32, -h*v - 5*z - 12 + 72 = 0. Suppose 26619 = v*u + 3449. Is u a composite number?
True
Let y = 15854 + -9197. Let n = 9941 - y. Suppose 0 = -4*r + 2*r + n. Is r a prime number?
False
Let i = 35275 + -20654. Is i prime?
True
Let d(x) = 19*x**2 - 7*x - 11. Suppose 6*i - 2*i = 24. Let o be ((-160)/(-6))/5 + 4/i. Is d(o) composite?
False
Let o = 4760 - 2081. Suppose -m + o = n + 3*m, 5*m = -25. Is n a prime number?
True
Let j = 2363 + 539. Suppose -w = 3*g - j, 4*g - 7 - 13 = 0. Let y = 4286 - w. Is y a composite number?
False
Suppose 0 = 14*b - 1015234 + 310670. Suppose 0 = 5*i - b + 6071. Is i prime?
False
Suppose -76*o + 6623656 = -3*o + 31*o. Is o a prime number?
True
Suppose 6*j = -195 - 339. Let f = j - -95. Suppose a + 3*g - f*g - 827 = 0, -a = -5*g - 819. Is a a prime number?
True
Suppose -329672 - 34678 = 6*y. Let b = y - -87352. Is b a composite number?
False
Suppose g - 3*g = 4*p - 25010, 0 = -5*p - 3*g + 31263. Suppose p + 40069 = 11*x. Is x a prime number?
True
Let y = -5550 - 2449. Let s = -3110 - y. Is s prime?
True
Suppose -10*g - 2988354 = -117*g + 13*g. Is g a composite number?
True
Let z(f) = 14778*f**2 - 61*f - 15. Is z(8) composite?
False
Suppose -5*q + 5*y + 4598 = -12392, -4*y = q - 3398. Is q a composite number?
True
Suppose -2*s + 4*k = -787638, 16*s - 12*s - 2*k = 1575318. Is s prime?
False
Let u = -9698 - -22268. Suppose 8*f - u = -882. Is f composite?
True
Let w = -196 - -207. Let u(i) = 6*i**3 - 23*i**2 - 10*i + 21. Is u(w) a prime number?
False
Suppose t + 5*x - 26272 = 0, 5*t = -6*x + 2*x + 131318. Suppose 10*l = 4*l + t. Suppose 0 = -10*y + 7*y + l. Is y a composite number?
False
Let l be 1*((-3 - -2) + 3). Suppose 0*x = l*x + 40. Is (285/x)/((-6)/16) composite?
True
Suppose 4*f = 2186 + 1110. Suppose 5*m - 2025 = -5*h + 3*m, 0 = 2*h - 2*m - f. Is h composite?
True
Suppose 186 - 56 = -10*d. Let k(v) = v**3 + 17*v**2 + 14*v - 7. Is k(d) prime?
True
Let z(x) = 306*x**3 + 2*x**2 + 27*x - 113. Let m be z(6). Suppose m = 3*i + 20*i. Is i a composite number?
False
Let l(h) = 100*h + 81. Let m be l(16). Suppose m = 47*i + 130. Is i prime?
False
Let b(a) = 100551*a**2 - 160*a + 645. Is b(4) a composite number?
False
Let y(m) be the third derivative of 29*m**6/20 + m**5/15 + m**4/8 + 8*m**3/3 + 12*m**2 + 5*m. Is y(5) composite?
False
Suppose f + 2*t = -3*t - 19, f - 5*t = 11. Is f/(-10) + (7 - 54984/(-40)) a prime number?
False
Suppose -321111 = -14*a + 4*a + 367459. Is a a composite number?
True
Suppose -6*m + 15*m + 630 = 0. Let v = 73 + m. Suppose v*k + 4*k - 861 = 0. Is k a prime number?
False
Suppose -f - 4 = 0, 189802 = -57*b + 59*b + f. Is b a composite number?
False
Let k = -811 + 813. Suppose -5*q + 9250 = 2*f - 7*q, f + k*q = 4613. Is f a prime number?
True
Suppose -18116*b - 25439 = -18117*b. Is b a composite number?
False
Let k(r) = -38797*r - 12286. Is k(-9) composite?
False
Let g be (-63)/(-14)*10/3. Let z be (-19288)/(-20) - 6/g. Let q = -197 + z. Is q a composite number?
True
Suppose 57*n = -4*y + 52*n + 2904, 2*n = 2*y - 1470. Is y a composite number?
True
Let c be (-16)/(-3) + 20/30. Suppose -3*b = -c*b - 5*o + 47, 0 = -4*o + 16. Is 123 - (b/(-3) + -1) composite?
False
Let w = -119138 + 213327. Is w a composite number?
True
Suppose 12*w + 9456 = 6*w. Let l = -863 - w. Is l composite?
True
Let d = -2703 - -4060. Let b be (21/2)/((-2)/